 5*w. Calculate the remainder when b is divided by 8.
7
Let r be (-4)/(-10) + 76/10. Suppose 0 = 2*t + 1 + 1. Let u = r + t. Calculate the remainder when 13 is divided by u.
6
Suppose 3*i - 5*z = -2*i + 395, -2*i - 3*z = -168. Let r(n) = n**2 + 3*n + 3. Let k = 13 - 10. What is the remainder when i is divided by r(k)?
18
Let o(m) = -m**3 - 5*m**2 - m - 7. Let d be o(-5). Suppose -2*b = 4*g - 228, 5*b + 102 = 2*g - 0*b. Calculate the remainder when g is divided by 57/(-6)*d/1.
18
Let a(p) = -4*p**2 + 4*p - 1. Suppose -5*r + 2*s - 15 = -0*r, 3*s - 6 = 2*r. Let i be a(r). Let u = i + 89. What is the remainder when u is divided by 14?
12
Suppose -4*q + 28 + 70 = y, -4*y + 104 = 4*q. Suppose -k = -4*k + q. What is the remainder when k is divided by 3?
2
What is the remainder when 115*(24/(-20))/(-6) is divided by 13?
10
Let j = -5 - -9. Suppose 4*p + 44 = 4*i, i + j*p = -3*i + 76. Calculate the remainder when i is divided by 6.
3
Let y = -6 - -12. Let j = y - -6. Suppose -7*s + 82 = 33. What is the remainder when j is divided by s?
5
Let d(y) = y**3 - 7*y**2 + 6*y + 5. Let f be d(6). What is the remainder when 416/10 - (-2)/f is divided by 15?
12
Let g = -11 + 13. Suppose h - 102 = -g*h. Suppose -3*d + 0*j = -5*j - 34, -3*d + 46 = -2*j. What is the remainder when h is divided by d?
16
Let w be 18 - (-1 - (-2 + -1)). Let v = w - 14. Calculate the remainder when 7 is divided by v.
1
Let x(l) = -l**3 - 13*l**2 - 2*l + 4. Let k be x(-13). Let t = -10 + k. What is the remainder when 58 is divided by t?
18
Let m(n) = -n**3 - 4*n**2 + 9*n + 4. Let d be m(-6). Let i = -5 + d. What is the remainder when i is divided by 10?
7
Suppose -5*l + 102 + 133 = 0. What is the remainder when 185 is divided by l?
44
Let k be ((-32)/10)/((-18)/45). Let f(z) = z + 9. What is the remainder when 32 is divided by f(k)?
15
Let s(z) = z**3 - 2*z**2. Calculate the remainder when (-130)/(-8) - (-2)/(-8) is divided by s(3).
7
Let t = 18 - -4. Suppose -105 = -4*h + 39. Suppose -3*n = -a - 0*n + 20, -5*a - n + h = 0. What is the remainder when t is divided by a?
6
Let o(v) be the second derivative of v**5/20 + 7*v**4/12 + 5*v**3/6 + v**2 + 2*v. Let y be o(-6). Let w = y + 5. What is the remainder when w is divided by 7?
6
Let q = -9 - -13. Suppose 2*s = w + 23, 0 = 4*s + 2*w + q - 46. Calculate the remainder when s is divided by 6.
5
Let q = -31 + 22. Let w be 4/(-6) + (-55)/(-15). Calculate the remainder when 10 is divided by 34/6 - w/q.
4
Suppose 2*w - 28 = 3*q, 3*w + 8 = 3*q + 41. Let p be ((-22)/6)/(2/q). Let j(n) = n + 14. Calculate the remainder when j(p) is divided by 9.
7
Suppose 5*s = s + 8. Suppose -5*g - 49 + 141 = -s*u, 4*g - 69 = -3*u. Calculate the remainder when g is divided by 5.
3
Suppose 0*h = -5*h - 3*a + 249, 4*h - 4*a = 212. What is the remainder when h is divided by 14?
9
Suppose 3*p - 29 = -2*f, -4*f + p = 4*p - 55. Let q be 24/16*(-8)/6. Let a = q - -7. Calculate the remainder when f is divided by a.
3
Let q(t) = 4*t + 12. Let o be q(5). Suppose l - h - o = -5*h, 3*h + 91 = 5*l. What is the remainder when l is divided by 7?
6
Suppose 29 = 4*c - 27. Suppose u - 4*u + 5*o = -13, 0 = 5*u + 2*o + 30. Let f = 9 + u. What is the remainder when c is divided by f?
4
Suppose 6*v = 2*v. Suppose 3 - 1 = t. Suppose t*o + 4*l - 84 = v, 5*o - 3*l + 0*l - 210 = 0. What is the remainder when o is divided by 22?
20
Suppose 2*q = 18 + 40. Calculate the remainder when 115 is divided by q.
28
Suppose -14*c + 20 = -316. What is the remainder when 47 is divided by c?
23
Let v = -62 + 100. What is the remainder when 188 is divided by v?
36
Suppose -4*s = -451 - 9. What is the remainder when s is divided by 29?
28
Suppose y = -2*u + 39, 3*u = 4*y + 77 - 2. Suppose 2*n = n + u. What is the remainder when 40 is divided by n?
19
Suppose 2*x = -4*t - 64, -2*x - 6*t + t = 67. Let g = -17 - x. Suppose 4*d - 5*n = 11, -n - g = -3*d + 2*n. Calculate the remainder when 14 is divided by d.
2
Let q be -1*(-4 + 3) - 24. Let t = q + 36. Calculate the remainder when 37 is divided by t.
11
Let q = 86 - 75. What is the remainder when 43 is divided by q?
10
Calculate the remainder when (-6)/(-45) + (-343)/(-15) is divided by (-20)/6*72/(-20).
11
Suppose -7*a + 7 = -0*a. Calculate the remainder when 10 is divided by a.
0
Let s(b) = b**2 - 9*b + 18. Calculate the remainder when 107 is divided by s(8).
7
Let h(x) = x**2 - 8*x + 7. Let r be h(6). Let k = r + 6. Calculate the remainder when k is divided by 1.
0
Let w(n) = n**3 - 4*n**2 - n - 4. Let g be w(5). Let f = g - 1. Calculate the remainder when 28 is divided by f.
13
Let t = -79 - -82. Calculate the remainder when 7 is divided by t.
1
Let d(n) = n**2 - 5*n + 2. Let w be (1/2)/(9/90). Let b be d(w). What is the remainder when b/(-3) + 1504/24 is divided by 16?
14
Suppose j = 0, -5*x + 2*j + 30 = 6*j. Suppose x = 3*r - r. Suppose 2*l - 6 = -l. What is the remainder when r is divided by l?
1
Suppose -5*i - 13 = -u, 18 - 4 = 2*u - 4*i. Calculate the remainder when u is divided by 1.
0
Suppose 0 = -11*i + 4*i + 147. Let w(j) = 3*j**2 - j - 2. Let u be w(2). Let z(n) = -n**2 + 15*n + 6. What is the remainder when z(u) is divided by i?
20
Let i be (-2)/((-4)/6)*1. Suppose w - 23 + 79 = i*f, -f + 22 = -w. Calculate the remainder when 49 is divided by f.
15
Let b(l) = 9*l + 3. Suppose 5*d - 96 = -26. What is the remainder when b(4) is divided by d?
11
Let d be 6/(-10) + (-582)/5. Let u = -72 - d. What is the remainder when u is divided by 24?
21
Suppose 2*g - 32 - 28 = 0. What is the remainder when g is divided by 17?
13
Let t(f) = 1. Let z be (-2)/(-4) - (-1)/2. Let v(b) = -3*b + 6. Let g(i) = z*v(i) - 4*t(i). What is the remainder when 20 is divided by g(-3)?
9
Calculate the remainder when 23 is divided by 13 - (0 + 0)/(-1).
10
Suppose 0 = 5*k + 3*l - 730, 2*l = -5*k + 3*l + 750. What is the remainder when k is divided by 15?
14
Suppose 4*t - 21 = -61. Let x be (-4)/10 - (-126)/t. Let k = 23 + x. Calculate the remainder when 37 is divided by k.
7
Let q(r) = -r**3 + 7*r**2 - 6*r - 1. Suppose 3*c + 4*n - 119 = 0, -2*n + 99 = -4*c + 243. What is the remainder when c is divided by q(5)?
18
Let u(c) = -c**3 + 14*c**2 - 19*c + 16. Suppose 4*v + 5 = 2*m - 81, -4*m + 150 = 3*v. What is the remainder when u(12) is divided by m?
37
Let n(d) = -d**3 - 3*d**2 + 4*d - 3. Let i be (-1)/(1 - (-8)/(-10)). What is the remainder when n(i) is divided by 1*-4*14/(-4)?
13
Let f(m) = 2*m**3 - 2*m**2 + 1. Suppose -3*j + 4*n - 1 = -0, j = -4*n + 5. What is the remainder when f(j) is divided by (1/(-3))/(2/(-6))?
0
Suppose -5*m + f = -21, -3*f - 11 = -3*m - 2*f. Suppose 0 = -2*z - z - 3*i + 84, z - 46 = m*i. Calculate the remainder when z is divided by 16.
15
Let l(h) = h**3 + 8*h**2 - 8*h + 12. What is the remainder when l(-7) is divided by 12?
9
Suppose 183 = 3*a + 36. Calculate the remainder when a is divided by 17.
15
Calculate the remainder when -2 - 0 - (-75 - 2) is divided by 38.
37
Suppose -5*y + 5 = 5*j, -3*j - 4*y = -0 - 2. Calculate the remainder when 6 is divided by j.
0
Suppose y = -0*y + 2. Calculate the remainder when y is divided by 1.
0
Suppose 0*h + 10 = -2*h, 0 = -3*m - 2*h + 71. What is the remainder when 14 is divided by (-141)/(-27) - 6/m?
4
Let o(i) = -i + 17. Suppose 0 = -3*p + 6*p - 9. Calculate the remainder when o(7) is divided by p.
1
Let u(r) = r + 1. Let w be u(2). Let d be (-1)/(1*w/(-6)). Calculate the remainder when 49 is divided by 16 - (-1 - (d - 2)).
15
Suppose w + 0 - 2 = 0, -4*w = -4*p - 20. What is the remainder when (3/5)/(p/(-135)) is divided by 15?
12
Let n(l) = 3*l**2 + 9*l - 6. Let m(p) = p**2 + p. Let w(r) = 4*m(r) - n(r). Calculate the remainder when 17 is divided by w(5).
5
Let u be -6*((-21)/6 + 2). Let c be 3/(-9) + 138/u. Suppose 0 = -3*y + 2*y + c. What is the remainder when 43 is divided by y?
13
Suppose 16*h - 19*h = -42. What is the remainder when h is divided by 6?
2
Let y(o) = -o**3 - 6*o**2 + 2*o - 10. Suppose 0 = 5*q + 13 + 22. Calculate the remainder when y(q) is divided by 13.
12
Let i(p) = -5*p - 6. Suppose -2*o - 20 = -2*b, -4*o + 2*o + 4*b = 18. Calculate the remainder when i(o) is divided by 26.
23
Suppose -5*c - 2*p + 312 = 0, 3*c - 72 = -p + 115. Calculate the remainder when c is divided by 17.
11
Let f(c)